e highest common divisor of 640 and 20.
20
Calculate the highest common factor of 23 and 943.
23
What is the highest common divisor of 14 and 7231?
7
Calculate the highest common divisor of 6690 and 90.
30
Calculate the greatest common factor of 12325 and 25.
25
Calculate the highest common factor of 63 and 99.
9
Calculate the highest common divisor of 168 and 343.
7
Calculate the highest common divisor of 89 and 1958.
89
What is the highest common divisor of 130 and 416?
26
Calculate the highest common divisor of 2154 and 6.
6
What is the greatest common factor of 3481 and 177?
59
What is the highest common divisor of 55 and 8041?
11
What is the highest common divisor of 3149 and 134?
67
What is the highest common divisor of 9 and 159?
3
What is the highest common factor of 532 and 140?
28
Calculate the greatest common factor of 87 and 464.
29
What is the greatest common divisor of 45 and 1695?
15
Calculate the greatest common factor of 98 and 245.
49
Calculate the highest common divisor of 7 and 9.
1
Calculate the greatest common divisor of 12 and 543.
3
What is the greatest common factor of 3 and 807?
3
What is the highest common divisor of 1105 and 85?
85
What is the highest common factor of 1674 and 36?
18
What is the highest common divisor of 117 and 60?
3
Calculate the highest common factor of 625 and 25.
25
What is the highest common factor of 192 and 832?
64
What is the highest common divisor of 111 and 74?
37
Calculate the greatest common divisor of 11 and 891.
11
What is the greatest common divisor of 414 and 54?
18
What is the greatest common divisor of 84 and 132?
12
Calculate the highest common factor of 413 and 236.
59
What is the highest common factor of 754 and 406?
58
Calculate the greatest common divisor of 57 and 228.
57
What is the highest common divisor of 51 and 4539?
51
Calculate the greatest common divisor of 88 and 104.
8
What is the highest common divisor of 1824 and 96?
96
What is the highest common factor of 42 and 777?
21
Calculate the highest common divisor of 13756 and 304.
76
What is the highest common divisor of 75 and 10?
5
Calculate the greatest common factor of 48 and 1296.
48
What is the greatest common divisor of 56 and 3752?
56
Calculate the greatest common divisor of 26 and 358.
2
What is the greatest common divisor of 780 and 3780?
60
What is the highest common divisor of 1025 and 725?
25
Calculate the greatest common divisor of 124 and 310.
62
Calculate the highest common factor of 1247 and 377.
29
What is the highest common divisor of 18 and 13086?
18
What is the greatest common divisor of 638 and 58?
58
Calculate the highest common factor of 9 and 351.
9
Calculate the highest common divisor of 36081 and 171.
171
Calculate the highest common factor of 1273 and 19.
19
Calculate the highest common factor of 30 and 205.
5
What is the greatest common factor of 5518 and 62?
62
What is the greatest common factor of 3 and 8121?
3
Calculate the highest common divisor of 7712 and 32.
32
What is the greatest common divisor of 624 and 26?
26
Calculate the highest common factor of 324 and 4.
4
Calculate the greatest common factor of 168 and 609.
21
Calculate the highest common divisor of 391 and 34.
17
Calculate the highest common divisor of 1067 and 388.
97
Calculate the greatest common factor of 7 and 469.
7
What is the highest common factor of 992 and 2604?
124
Calculate the highest common divisor of 1566 and 29.
29
Calculate the greatest common factor of 23 and 1.
1
Calculate the highest common divisor of 494 and 1612.
26
Calculate the greatest common factor of 2369 and 824.
103
What is the greatest common divisor of 399 and 10488?
57
What is the highest common divisor of 36 and 1692?
36
What is the greatest common factor of 26 and 9542?
26
What is the highest common divisor of 240 and 660?
60
What is the highest common factor of 31064 and 264?
88
What is the highest common factor of 5 and 275?
5
Calculate the highest common factor of 48 and 15392.
16
Calculate the highest common divisor of 351 and 663.
39
Calculate the greatest common factor of 194 and 14453.
97
What is the highest common factor of 28 and 70?
14
What is the highest common factor of 272 and 112?
16
What is the highest common divisor of 468 and 819?
117
What is the highest common divisor of 1131 and 4611?
87
What is the greatest common factor of 542 and 4?
2
Calculate the greatest common divisor of 76 and 3116.
76
Calculate the greatest common divisor of 104 and 286.
26
Calculate the greatest common factor of 60 and 2280.
60
Calculate the highest common divisor of 1274 and 26.
26
What is the highest common divisor of 1395 and 45?
45
Calculate the greatest common divisor of 140 and 42.
14
Calculate the highest common factor of 474 and 54.
6
What is the highest common divisor of 78 and 351?
39
What is the highest common factor of 9 and 78?
3
Calculate the highest common divisor of 16 and 136.
8
Calculate the greatest common divisor of 13501 and 23.
23
Calculate the highest common factor of 36 and 9.
9
Calculate the greatest common factor of 2775 and 111.
111
Calculate the highest common factor of 416 and 442.
26
What is the highest common divisor of 42496 and 83?
83
Calculate the greatest common factor of 80 and 3440.
80
Calculate the highest common divisor of 7 and 6552.
7
Calculate the highest common divisor of 35 and 830.
5
What is the highest common divisor of 25 and 370?
5
Calculate the greatest common divisor of 81 and 22923.
81
Calculate the greatest common factor of 20 and 990.
10
Calculate the greatest common divisor of 24 and 824.
8
What is the greatest common factor of 306 and 18?
18
Calculate the highest common factor of 8 and 128.
8
What is the greatest common factor of 77 and 175?
7
What is the highest common divisor of 9090 and 9?
9
What is the highest common factor of 28 and 2100?
28
Calculate the highest common factor of 78 and 6474.
78
Calculate the greatest common factor of 365 and 73.
73
Calculate the greatest common factor of 2 and 95.
1
Calculate the highest common divisor of 28157 and 37.
37
Calculate the highest common factor of 18 and 549.
9
Calculate the greatest common divisor of 3036 and 24.
12
Calculate the highest common divisor of 537 and 179.
179
Calculate the highest common divisor of 852 and 12.
12
Calculate the greatest common divisor of 128 and 1088.
64
Calculate the greatest common divisor of 5607 and 9.
9
Calculate the greatest common divisor of 812 and 348.
116
Calculate the greatest common factor of 392 and 8.
8
Calculate the highest common divisor of 15 and 145.
5
Calculate the highest common divisor of 82 and 7257.
41
Calculate the highest common factor of 1173 and 46.
23
What is the highest common divisor of 370 and 555?
185
What is the highest common factor of 8 and 1184?
8
Calculate the greatest common divisor of 29971 and 34.
17
Calculate the highest common divisor of 112 and 208.
16
Calculate the greatest common factor of 5122 and 3940.
394
What is the greatest common factor of 9624 and 24?
24
Calculate the greatest common divisor of 12 and 39.
3
What is the highest common factor of 231 and 495?
33
What is the greatest common divisor of 201 and 335?
67
What is the highest common factor of 7280 and 1540?
140
What is the greatest common factor of 40 and 70?
10
What is the highest common factor of 2466 and 90?
18
Calculate the greatest common divisor of 294 and 56.
14
Calculate the highest common factor of 11 and 1.
1
Calculate the greatest common factor of 41 and 3.
1
What is the highest common divisor of 21 and 7?
7
Calculate the greatest common factor of 14278 and 590.
118
Calculate the greatest common divisor of 124 and 86.
2
Calculate the greatest common factor of 1116 and 36.
36
What is the highest common divisor of 238 and 7?
7
What is the greatest common factor of 167 and 10187?
167
What is the highest common factor of 12 and 198?
6
What is the highest common factor of 27 and 3?
3
What is the greatest common factor of 18 and 54?
18
Calculate the greatest common divisor of 165654 and 18.
18
Calculate the greatest common factor of 38 and 2793.
19
Calculate the greatest common factor of 556 and 417.
139
Calculate the greatest common factor of 84 and 196.
28
What is the highest common divisor